base 4, what is 20010 - 0?
20010
In base 3, what is -12122010 - -11?
-12121222
In base 5, what is 103224 + -3?
103221
In base 15, what is 6c - 2eb?
-27e
In base 8, what is -2304 - -570?
-1514
In base 8, what is -71251 - -1?
-71250
In base 16, what is -56 + -ff?
-155
In base 13, what is 5cac - 5?
5ca7
In base 4, what is 30323 + -321313?
-230330
In base 12, what is -202 + 126?
-98
In base 10, what is -26946 - -5?
-26941
In base 12, what is 537 + -14?
523
In base 12, what is 36 - 25b?
-225
In base 15, what is ed - 8a4?
-7a6
In base 7, what is -44255 - -3?
-44252
In base 12, what is 16b5 + 2?
16b7
In base 7, what is -12 + -4543?
-4555
In base 2, what is -10 + -11110010001011110?
-11110010001100000
In base 4, what is -11123032012 + -10?
-11123032022
In base 12, what is 390109 - -2?
39010b
In base 4, what is 2103303 - -2?
2103311
In base 16, what is -6 - 2d3e?
-2d44
In base 9, what is -58 - -3247?
3178
In base 6, what is 23233200 - -2?
23233202
In base 5, what is -2 - 412031?
-412033
In base 2, what is -110 + -1111101010010000?
-1111101010010110
In base 12, what is 27 - -536?
561
In base 9, what is 2 - -1435272?
1435274
In base 15, what is -9 - -ca71?
ca67
In base 6, what is -5 + 53515?
53510
In base 12, what is -39933 + 3b?
-398b4
In base 11, what is 13 + 274?
287
In base 2, what is 0 + -100011011110101?
-100011011110101
In base 4, what is 2012023 + -2131?
2003232
In base 11, what is -5 - 171830?
-171835
In base 15, what is 1045 + -5d?
ed7
In base 14, what is -24 + -815?
-839
In base 2, what is -100 - -1000111101100000?
1000111101011100
In base 8, what is 72442 + 4?
72446
In base 9, what is -2 - 28563?
-28565
In base 14, what is 6c6 - 605?
c1
In base 7, what is 14 - -6143?
6160
In base 5, what is 1200313 + 1?
1200314
In base 3, what is 11 + 1112102220?
1112110001
In base 14, what is 6ad70a - 3?
6ad707
In base 15, what is 10 + -1aea?
-1ada
In base 16, what is -b - -d0fa?
d0ef
In base 3, what is 2 - 1010012020211?
-1010012020202
In base 6, what is 551353 - 12?
551341
In base 11, what is -18571 + -91?
-18652
In base 10, what is -346 - -325?
-21
In base 6, what is 0 - -30500115?
30500115
In base 13, what is -23 - -9684?
9661
In base 11, what is -38 - -151?
114
In base 4, what is 1121103 + 321?
1122030
In base 7, what is 340413 - -6?
340422
In base 3, what is 10 + 2000222022?
2000222102
In base 4, what is 10103 - 1111331?
-1101222
In base 11, what is -2 - 69724?
-69726
In base 4, what is -1311021 + 100?
-1310321
In base 15, what is -c5 + 301e?
2e49
In base 2, what is 11010 + -1100001111111?
-1100001100101
In base 15, what is 2a - 81e?
-7e4
In base 12, what is b + -1728?
-1719
In base 13, what is 6b8 + -50?
668
In base 8, what is -222 - -30120?
27676
In base 11, what is -122 - -325?
203
In base 14, what is 357 + -15?
342
In base 3, what is -1211211001111 - 0?
-1211211001111
In base 13, what is -1685 - b?
-1693
In base 14, what is 27630 - 5?
27629
In base 10, what is 8 - 169?
-161
In base 10, what is -11 - 36059?
-36070
In base 11, what is -1602533 + 0?
-1602533
In base 4, what is 11332223 + 1?
11332230
In base 2, what is 110111101 - 10001110?
100101111
In base 15, what is -1518 - 88?
-15a1
In base 14, what is -2 - 680b?
-680d
In base 5, what is 120310 - -11?
120321
In base 13, what is -3158b1a + -5?
-3158b22
In base 2, what is 101 + -1000110111?
-1000110010
In base 6, what is -2135205 + 1?
-2135204
In base 13, what is -27 + 35a9?
3582
In base 8, what is 12 + -14355?
-14343
In base 15, what is 5b9 + -3c?
57c
In base 10, what is -4813 + 87?
-4726
In base 6, what is 10443250 - -3?
10443253
In base 3, what is 2 - -10102111122?
10102111201
In base 7, what is 0 - -413545?
413545
In base 15, what is a5c + 42?
a9e
In base 4, what is -302 - 122?
-1030
In base 10, what is -420 + -2103?
-2523
In base 2, what is -11110 - 11000000010?
-11000100000
In base 13, what is 8 + -435?
-42a
In base 7, what is 2164635 - -4?
2164642
In base 14, what is 5 + -2d493?
-2d48c
In base 8, what is 1 - 5655?
-5654
In base 9, what is -3 - -57155?
57152
In base 4, what is -11132220 - 11?
-11132231
In base 5, what is 1322423 + -3?
1322420
In base 4, what is 101311 + 1103?
103020
In base 4, what is 3 - -1001200?
1001203
In base 8, what is 34623 + 36?
34661
In base 11, what is -2239 - 30?
-2269
In base 14, what is a021 + -4?
a01b
In base 5, what is -1412 - 23003?
-24420
In base 13, what is -355b + 3?
-3558
In base 4, what is -13 - 300222200?
-300222213
In base 2, what is 1100111100010110000 + 0?
1100111100010110000
In base 7, what is -2015 - 43?
-2061
In base 13, what is -149 - 323?
-46c
In base 2, what is 11 + -1011100100001101?
-1011100100001010
In base 7, what is 24054 + 5?
24062
In base 14, what is -1 + -4b2c5?
-4b2c6
In base 16, what is 7d + -e19?
-d9c
In base 12, what is -220719 - -4?
-220715
In base 2, what is -1001010 - 1011001000?
-1100010010
In base 16, what is 72 - -140?
1b2
In base 3, what is -2122012200 - -11?
-2122012112
In base 15, what is 83b + -21?
81a
In base 6, what is 5 + -333535?
-333530
In base 13, what is 12b - -12c?
25a
In base 12, what is -134 - 9aa?
-b22
In base 10, what is 63 + 155?
218
In base 6, what is 10202 + -5403?
355
In base 12, what is 18432 + 3?
18435
In base 2, what is -11000 - -1101010001?
1100111001
In base 16, what is -4f + -3fce?
-401d
In base 2, what is 10001 + 1010001111110101?
1010010000000110
In base 11, what is -24a331 + -1?
-24a332
In base 5, what is -3313 + 232?
-3031
In base 9, what is 1463057 + 2?
1463060
In base 10, what is 41669 + 3?
41672
In base 15, what is 1b914e + -4?
1b914a
In base 7, what is -3660 + 1101?
-2556
In base 2, what is -111001 - 1101010011010?
-1101011010011
In base 8, what is 13624 - -14?
13640
In base 4, what is -3 - -1030320012?
1030320003
In base 14, what is -1d + -2024?
-2043
In base 9, what is 443 + 6223?
6666
In base 11, what is -34 + 2011?
1a88
In base 9, what is -553 - -150?
-403
In base 12, what is 24 - 313?
-2ab
In base 6, what is -503 + 1220?
313
In base 2, what is -110111 + -11101011110?
-11110010101
In base 7, what is -463 + 3?
-460
In base 13, what is 1a8 + -1c3?
-18
In base 15, what is dc + 1350?
143c
In base 10, what is -1137 + -194?
-1331
In base 11, what is -1002 - 1013?
-2015
In base 5, what is 3 - 34031223?
-34031220
In base 16, what is d + 6180?
618d
In base 5, what is -2 + 343?
341
In base 8, what is -4 - 6623?
-6627
In base 13, what is -2677 - 41?
-26b8
In base 5, what is -14 - -203043?
203024
In base 15, what is -15458 - 4?
-1545c
In base 15, what is -1 - 2d4c?
-2d4d
In base 15, what is -2851d - -1?
-2851c
In base 11, what is 7 + -6a432?
-6a426
In base 8, what is -106 + -11047?
-11155
In base 13, what is -5 - 6a0c?
-6a14
In base 12, what is 2 + aa355?
aa357
In base 8, what is 21 - 2570?
-2547
In base 6, what is 3 - -1544022?
1544025
In base 8, what is 52 + 24603?
24655
In base 9, what is 1463768 + 0?
1463768
In base 2, what is -1110010110001000 + -10100?
-1110010110011100
In base 3, what is -2 - 20222010?
-20222012
In base 12, what is -2441a2 + 5?
-244199
In base 13, what is 13 - -3bb?
401
In base 4, what is -10101330112 - 11?
-10101330123
In base 5, what is 4 - 420313?
-420304
In base 2, what is -101111111011 - -111000001?
-101000111010
In base 15, what is -416d - -5?
-4168
In base 10, what is -81 - 4568?
-4649
In base 4, what is 1211 + -3002?
-1131
In base 9, what is -7 - 14835?
-14843
In base 14, what is -160 + 1a7?
47
In base 6, what is 2221 - 1344?
433
In base 6, what is 241252 - -5?
241301
In base 13, what is -1242 + 8?
-1237
In base 4, what is 0 - -3303302?
3303302
In base 10, what is 164597 + -5?
164592
In base 14, what is -b57 + -49?
-ba2
In base 11, what is -10834 - -5?
-1082a
In base 2, what is 111000110011010011110 - 1?
111000110011010011101
In base 7, what is -2 + 1254406?
1254404
In base 10, what is -5089 - 182?
-5271
In base 14, what is 2a2 + -5?
29b
In base 7, what is -45126 - -3?
-45123
In base 15, what is -92 + -18b?
-22d
In base 3, what is -21111 - -1102111?
1011000
In base 13, what is -65 + -511?
-576
In base 8, what is 47 + 1262?
1331
In base 16, what is 4 - -3d976?
3d97a
In base 5, what is 0 - 1003330?
-1003330
In base 12, what is -1242 - 5?
-1247
In base 5, what is 1 - 1341140?
-1341134
In base 16, what is 3bbc7b + 4?
3bbc7f
In base 4, what is -13 - 331213220?
-331213233
